rs of m(o)?
2, 71
Let r = 143 - 138. Let v(x) = 25*x - 114. List the prime factors of v(r).
11
What are the prime factors of (-48982)/(-3) + 9 + (-30)/(-18)?
2, 3, 7, 389
Let h = -10 - -14. Let o = -445 - -438. List the prime factors of 8/(o/((-294)/h)).
2, 3, 7
Suppose -21*c + 19*c = -3*f + 13831, c = 4*f - 18433. What are the prime factors of f?
17, 271
Suppose -161 = 9*k - 512. What are the prime factors of 5603/k - (-2)/6?
2, 3
Let k(q) = -4*q**3 - 3*q**2 - 4*q - 3. Let w = 127 - 126. Let y be w + 1 - 114/19. What are the prime factors of k(y)?
13, 17
Let z be ((-193315)/30)/(-23) + (-2)/12. Let r = z + 79. What are the prime factors of r?
359
Suppose -65 = 15*p - 275. Let y(o) = o**3 - 11*o**2 - 20*o + 24. What are the prime factors of y(p)?
2, 83
Let r be 2 + -3 + (-9 - -5 - -2). Let y(t) = -52*t + 34. List the prime factors of y(r).
2, 5, 19
Suppose -2*i + 2 - 14 = 0. Let l be (41/2)/(1/i). Let u = 232 + l. What are the prime factors of u?
109
Suppose -23*w + 60 = -26*w. List the prime factors of (w/(-6))/(10/1380).
2, 5, 23
Suppose -1600 = 25*y - 29*y. Suppose 554 = 3*d - y. What are the prime factors of d?
2, 3, 53
Let o(r) = r + 14. Let f be o(-8). Let t be (f/4)/((-30)/(-1480)). Let a = t - 39. What are the prime factors of a?
5, 7
Suppose -2*u - 5*a + 5053 = 369, 3*u = 2*a + 7045. List the prime factors of u.
2347
List the prime factors of (-1 - (-29622)/(-15))/((-30)/100).
2, 37, 89
Let l = -3716 + 31900. What are the prime factors of l?
2, 13, 271
Let w(n) = 8*n**2 - 5*n + 3*n - 2 + 9*n. Let r be 3/(-2)*(-496)/(-186). What are the prime factors of w(r)?
2, 7
List the prime factors of (104/28)/(60/508620).
2, 7, 13, 173
Let k = -465 + 360. List the prime factors of (-77040)/k + (-4)/(-14).
2, 367
Suppose 5*f + d = 266, -4*f = -2*d - 194 - 16. Let j = 162 - f. List the prime factors of j.
109
Let i be (-6)/4 + (-75)/(-50). Suppose j = -d + 135, -4*j - 22 + 2 = i. What are the prime factors of d?
2, 5, 7
Let v(h) = 346*h + 34. List the prime factors of v(4).
2, 709
Suppose 9*r + 92288 = -0*r + 17*r. List the prime factors of r.
2, 7, 103
List the prime factors of -5 - (-6)/1 - (-70756 + 8) - 5.
2, 37, 239
Let b(n) = n**3 - 41*n**2 + 64*n + 17. What are the prime factors of b(43)?
29, 223
Suppose 265184 = 12*x + 157002 - 199690. List the prime factors of x.
2, 3, 1069
Let q(t) = -4*t + 9. Let x be q(-3). Let n(o) = 2*o**3 - 40*o**2 + o + 41. List the prime factors of n(x).
2, 59
Let l(h) = -h**3 - 2*h**2 - 3*h - 33. Let s be l(-4). Suppose 147 = s*z - 8*z. What are the prime factors of z?
7
List the prime factors of (-2 - (3 - -2))*666/21*-303.
2, 3, 37, 101
Let p be 874/(-12) - (-12)/(-72). Let z = -194 - p. Let c = z + 296. List the prime factors of c.
5, 7
Let s(i) be the second derivative of 23*i**4 - 4*i**3/3 + 7*i**2/2 - 232*i. What are the prime factors of s(2)?
3, 5, 73
Suppose 0 = -w - 237 + 56. Let p = -359 - w. Let b = 251 + p. List the prime factors of b.
73
What are the prime factors of (10 - 72330/20)/((-15)/30)?
7213
Let w(q) be the third derivative of q**6/120 + 19*q**5/60 + 11*q**4/12 + 11*q**3/6 - 12*q**2. Let z be w(-18). Let l = z - -109. List the prime factors of l.
2, 3
Let n(x) = 7*x**3 + 7*x**2 - 10*x + 515. What are the prime factors of n(13)?
3, 7, 269
Suppose -14*q = 12*q - 1326. Suppose q*d - 2712 = 47*d. List the prime factors of d.
2, 3, 113
Let g = -226 - -3936. List the prime factors of g.
2, 5, 7, 53
Suppose 4*j + 5*g = -127, 10 = -5*j - g - 154. Let t = 36 + j. What are the prime factors of (-12)/t + 224 - 0/(-4)?
2, 5, 11
Suppose -242*j + 233*j = -81. Suppose 4*h - j*i - 2216 = -6*i, 2*i = h - 554. List the prime factors of h.
2, 277
Suppose -25*m + 28*m - 172476 = g, 5*g - 172458 = -3*m. What are the prime factors of m?
7, 43, 191
Let s(q) = q**3 - 37*q**2 + 47*q - 9. Suppose 3*m + 5*x - 88 = 0, -20*m - x = -17*m - 104. What are the prime factors of s(m)?
3, 43
Let y = -16 + 3. Let n(d) = -d**2 - 23*d + 29. What are the prime factors of n(y)?
3, 53
Suppose -139*v + 10496668 = 130*v + 3081683. List the prime factors of v.
5, 37, 149
Suppose 3*b - 217394 = o, -2*b - 5*o = -0*b - 144901. What are the prime factors of b?
233, 311
Suppose 2*m = -f + 140, 5*m - f - f = 332. Let a = -233 + 177. Let k = a + m. List the prime factors of k.
2, 3
Let i(o) = 10 - 786*o**2 - 1 - 4*o + 787*o**2. List the prime factors of i(-16).
7, 47
Let z(s) = 4240*s**2 - 155*s - 2. What are the prime factors of z(3)?
37693
Suppose 97*v - 92*v - 2*p - 11052 = 0, v + 4*p = 2184. List the prime factors of v.
2, 3, 23
Let l(c) be the third derivative of c**6/120 - c**5/6 + c**4/2 + 7*c**3/6 + 160*c**2. What are the prime factors of l(10)?
127
Let t(y) = -12370*y - 144. What are the prime factors of t(-1)?
2, 6113
Suppose 4*f + 0*m + 4*m = -232, 0 = 4*f + 5*m + 227. Let x = f + 73. List the prime factors of 3 + (x/(-25) - 424/(-10)).
3, 5
Suppose 5*r - 4524 = -1049. Let l = r + -342. What are the prime factors of l?
353
Let o(r) = r**2 - 18*r - 21. Let l be o(18). Let c = -14 - l. Suppose -c*j = -11*j + 24. What are the prime factors of j?
2, 3
Suppose -231*o = -226*o - 135. Suppose o*r + r = 3276. What are the prime factors of r?
3, 13
Let q be 4 + 0*1/(-5). Suppose 0*o + q = 2*o + 5*p, 4*o + 44 = 3*p. List the prime factors of (114/o)/((-16)/64).
3, 19
Suppose 3*s - 8 = 172. Let w be (2 + -3)/(((-35)/s)/7). What are the prime factors of (-5)/(w + -2)*20/(-2)?
5
Let b be (-50)/(-4)*(-9 - -11). Suppose -10*k - 1260 = -b*k. List the prime factors of k.
2, 3, 7
Let g = 10021 + -6937. What are the prime factors of g?
2, 3, 257
Suppose -11*d = -44566 - 853. List the prime factors of d.
4129
List the prime factors of 136/(-140) - 182/(-130) - (-1207432)/28.
29, 1487
Suppose 3*b = 20*b + 5*b - 517110. What are the prime factors of b?
3, 5, 1567
Suppose 34 = 40*w - 126. Suppose -4*k = k - 730. Suppose -4*h + 4 = 0, w*b - k - 159 = -5*h. List the prime factors of b.
3, 5
Suppose g = 3*t - 215, -2*t - 2*t - g + 289 = 0. Suppose 88 = 76*r - t*r. List the prime factors of r.
2, 11
List the prime factors of (1548/126 - 13) + 804920/35.
13, 29, 61
Suppose -1329 + 1321 = m, -3*c = 4*m - 44935. What are the prime factors of c?
13, 1153
Let t(x) = 3*x**2 - 31*x - 8. Let s be t(21). Suppose -s = -2*f - 5*v, 4*f + 4*v - 120 = 1184. What are the prime factors of f?
2, 7, 23
Let p be 26 + (-1)/((-16)/12 + 1). Suppose y + 5*k = p, -y + 5*y - k - 53 = 0. List the prime factors of y.
2, 7
Let n(i) = -16*i - 1. Suppose -15 = j + a - 6*a, a = 5*j + 171. Let t = -36 - j. What are the prime factors of n(t)?
3, 5
Let u = -42926 - -44104. What are the prime factors of u?
2, 19, 31
Let y(i) = -89*i**3 + 17*i + 24. Let w be y(-5). Suppose w = 17*n + 2887. List the prime factors of n.
13, 37
Suppose 406*m = 408*m - 4250. Suppose 21*z + m - 10798 = 0. List the prime factors of z.
7, 59
Let y(q) = 41*q**2 + 13*q - 289. List the prime factors of y(-29).
5, 6763
Let h(m) = 1484*m + 840. What are the prime factors of h(24)?
2, 3, 7, 31
Let r(c) = 38*c**2 - 13*c + 93. What are the prime factors of r(12)?
3, 601
Let q(n) = -3*n**3 + 44*n**2 - 18*n - 27. Let b be q(14). List the prime factors of ((-3)/(-7) + b/14)*146.
17, 73
Suppose -2*h + 1159 = -2075. Suppose -2*f - 616 = 3*d - h, 2*d - 661 = 5*f. Suppose d = 3*k - 4*p, 2*k + k - 318 = -p. What are the prime factors of k?
107
Let j = -58 - -65. Let p = 0 + 14. Suppose -i - j = -p. What are the prime factors of i?
7
Suppose -4*n + 2*g + 22 = 0, 4*n = -g + 26 - 7. Let s(h) = 7*h**2 + 10*h - 71. What are the prime factors of s(n)?
2, 7, 11
Let t(s) = -3379*s + 1956. What are the prime factors of t(-6)?
2, 3, 5, 13, 19
Suppose -2*l + 15 = 3*l. Suppose -4*m - l*t = -4*t - 130, -2*t = 3*m - 103. Let a = -28 + m. What are the prime factors of a?
5
Suppose -23255 = -4*z + 3*w, 18*z - 13*z + 4*w = 29061. List the prime factors of z.
5813
Let z = -739 - -2125. What are the prime factors of z?
2, 3, 7, 11
Suppose 0 = 7*u - 5*u + 4. Let q(x) be the first derivative of 3*x**3 + 7*x**2/2 + 5*x + 49. What are the prime factors of q(u)?
3
Let z(i) = 2*i**3 + 13*i**2 + 8*i + 17. Let m be z(-6). Let o(b) = 2*b**2 - 3 - 4 - 4*b + b**3 - 4*b**2. What are the prime factors of o(m)?
2, 3
Let i = -712 + 680. Let x(a) = -a**2 - 40*a - 